e 0 = s*x - 213 - 57. Calculate the highest common divisor of 24 and x.
6
Suppose -2*i + 462 = -h + 11, -3*i + h + 676 = 0. What is the greatest common divisor of i and 1455?
15
Suppose 5*r = 5*m - 3270, -25*r = -4*m - 23*r + 2608. What is the greatest common factor of m and 39?
13
Suppose 21*j - 23*j + 5*c = -849, 0 = 5*j + 4*c - 2040. What is the highest common divisor of 1339 and j?
103
Suppose -g = 3*r + 73 - 265, -3*r + 3 = 0. Calculate the highest common factor of 207 and g.
9
Let c(z) = -z**3 - 4*z**2 + 54*z - 21. Let a be c(5). What is the greatest common factor of a and 18?
6
Let d = -576 - -695. Let p = -75 + 127. Suppose 5*s = 5*x - x + 89, -3*s + x = -p. What is the greatest common factor of s and d?
17
Let z(l) = 4*l + 58. Let a be z(-9). Let p = 13 + a. What is the highest common divisor of 20 and p?
5
Let s(v) = 468*v + 8609. Let h be s(-18). What is the greatest common divisor of h and 703?
37
Suppose -13*a - 8330 = -85*a + 2*a. What is the highest common divisor of a and 9401?
119
Let u = -31355 + 31400. What is the greatest common divisor of u and 423?
9
Let r be (-2*(-7)/(-4))/(29/(-58)). Calculate the highest common divisor of r and 10185.
7
Suppose 26 = 3*n - 5*k, 6*k - 3*k - 30 = -2*n. Let h be (190/76)/((-5)/(-12)). Calculate the highest common factor of h and n.
6
Suppose 5*r - 272 = 2048. Let g = 4832 - 4800. What is the greatest common factor of g and r?
16
Suppose -2*x - 3*g - 2 = -0, 0 = -x - g. Suppose -5*o + 8*o = h + 236, -2*h = -x*o + 152. What is the highest common factor of o and 640?
80
Let m be ((-186)/30)/(12/(-4380)). What is the greatest common factor of m and 155?
31
Let t = -299 - -488. What is the greatest common factor of t and 147?
21
Suppose 8*y + 75 = 3*y. Let p be y/((-2)/7 + (-39)/84). Suppose 3*s = 13*s - p. Calculate the greatest common factor of 22 and s.
2
Suppose -60*p - 51*p + 167055 = -68*p. Calculate the highest common factor of p and 70.
35
Let n be (1 + 99/(-27))*-1*(-9)/(-6). Suppose -3*w - t + 16 = 0, -2*w = -3*w - 3*t. Let j = w + 2. Calculate the greatest common divisor of n and j.
4
Suppose -2*p + 14 = 0, -j + 0*j + p + 14 = 0. What is the greatest common factor of j and 9709?
7
Let f(q) = -q**3 + 50*q**2 + 97*q. Let x be f(51). What is the greatest common factor of 204 and x?
102
Let o(p) = -p**3 + 16*p**2 + 39*p - 54. Let s be o(18). Let l be -5 - s - 7/(49/(-56)). Suppose -27 - 9 = -4*x. What is the highest common divisor of l and x?
3
Let i(x) = 3*x**3 - 14*x**2 - 142*x + 888. Let r be i(6). Let c = 31 - 19. Suppose -v + 8 = -c. Calculate the greatest common factor of v and r.
20
Let w(z) = 1174*z**2 - 20*z + 18. Let d be w(3). Calculate the highest common factor of 12 and d.
12
Suppose 28*z = 27*z - 2. Let t be 3945/(-5)*1/3*z. Suppose 5*s - o - t = 0, 3*s + o - 316 = 2*o. What is the greatest common divisor of s and 21?
21
Let u(o) be the second derivative of o**4/6 - 5*o**3/6 - 10*o**2 - 2*o. Let g be u(8). Let l = -396 - -400. Calculate the highest common factor of g and l.
4
Let q = 317 - 302. Suppose -4*l - 364 = -4*u, 2*u - 176 = -q*l + 19*l. Calculate the greatest common divisor of u and 282.
94
Suppose -306*j - 245434 = -320*j. What is the greatest common divisor of j and 47?
47
Let g = -88 - -135. Suppose -364*s + 6690 = -173*s - 36*s - 595. Calculate the greatest common divisor of g and s.
47
Let w be 257*16 + -26 + (-8 - -32). Calculate the highest common factor of 60 and w.
30
Suppose 3*o - o = -o. Let a be (-1)/(-2)*(1 + (-1 - o)). Suppose 0 = 4*b - a*b - 5*h - 88, b - 15 = 3*h. Calculate the highest common factor of b and 3.
3
Let o(i) = -i**3 + 18*i**2 + 42*i + 457. Let s be o(-17). Calculate the highest common divisor of 212 and s.
106
Let h be -4*(4 + (-33)/12). Let q = 11 + h. Suppose -11*g + q = -10*g. What is the highest common factor of g and 2?
2
Suppose -4*b = 27 - 7, 5*b + 177 = -4*k. Let i = 7 - k. Calculate the greatest common divisor of 20 and i.
5
Suppose -3*a = -x - 28, 3*x + 4*a - 2*a = -40. Let z be 5 + 376 + (x/4 - -7). Calculate the highest common factor of 3 and z.
3
Let p(a) = 6*a**2 - 54*a + 120. Let u be p(9). What is the highest common divisor of 280 and u?
40
Let m(g) = -31*g + 1618. Let f be m(50). Suppose -5*k + 5*v = v - 85, -2*k + v = -34. What is the greatest common factor of f and k?
17
Let t(w) = 17*w**2 + 199*w - 2621. Let b be t(17). What is the highest common divisor of b and 50?
25
Let t(v) = v**3 + 21*v**2 + 38*v + 6. Let n be t(-13). What is the highest common divisor of n and 6?
6
Let t = -22066 + 22074. Calculate the highest common factor of 5008 and t.
8
Suppose 518 - 1084 - 2164 = -15*p. What is the greatest common factor of 126 and p?
14
Suppose 2*z + 15 = -3*d, -6*z + 4*d - 8 = -4*z. Let o be (z - -5)/((-1)/22). Calculate the greatest common divisor of 187 and o.
11
Let o(z) = 28*z - 1. Suppose 16*b = 179 + 29. Let g be o(b). Calculate the highest common factor of g and 33.
33
Suppose 0 = 6*v - 1315 + 1051. Calculate the greatest common factor of 1100 and v.
44
Suppose -2*u = 0, 3*w - 528 + 1599 = -5*u. Let v = 303 - w. What is the greatest common divisor of v and 30?
30
Let t(z) = -z**3 + 3*z**2 - z - 1. Let a be t(-3). Suppose 0 = -3*g - 22 - a. Let c = -18 - g. Calculate the greatest common factor of c and 8.
8
Let m(h) = -22*h + 47. Let y be m(-54). Calculate the highest common factor of 57 and y.
19
Suppose 0*h + 2*h + m - 40 = 0, 2*h = m + 40. Suppose -h = -2*o + 110. What is the highest common divisor of 104 and o?
13
Suppose -9*m + 882 = 73*m - 4284. What is the highest common divisor of 765 and m?
9
Let n be (15/24)/(1/(-2))*-12. Suppose -4*m = -9*m + 1575. Suppose m = -0*q + 3*q. Calculate the highest common factor of q and n.
15
Suppose -v = -0*v + g - 26, -4*g = -3*v + 57. Let q be 21 - ((-14505)/(-765) + (-4)/(-102)). Calculate the highest common factor of q and v.
1
Let f(u) = -3*u**2 - 86*u - 327. Let s be f(-23). What is the highest common divisor of s and 88?
8
Suppose b + 9 = -q, 0 = -3*q - 0*q - 9. Let w(x) = 3*x + 19. Let t be w(b). Suppose 3*j + t = 34. What is the greatest common factor of 1 and j?
1
Suppose 308*q - 609*q + 299*q = -10. What is the greatest common divisor of q and 265?
5
Let w = -1131 + 1143. What is the highest common divisor of w and 3832?
4
Let w(f) = f**3 - 13*f**2 + 61*f - 1044. Let p be w(14). Let t = -61 - -94. What is the greatest common divisor of t and p?
3
Suppose -1594*y = -35758 + 2789 - 46731. Suppose o - 649 = -2*i, -3*o - 2 = -o. Calculate the highest common factor of y and i.
25
Suppose -3*l + 2*m + 43 = 4, -3*l + 45 = -4*m. Calculate the greatest common factor of l and 979.
11
Suppose -9*n + 7977 + 114 = 0. Suppose -3*u + 4*z = 317 - n, -4*u + 3*z = -783. What is the highest common factor of u and 36?
18
Let v be ((-1)/(-4))/((-24)/32)*-6. Suppose -12*j + 16 = -13*j + 4*s, -6 = -4*j + 2*s. Calculate the greatest common factor of v and j.
2
Let d(i) = i**3 - 3*i**2 - 9*i - 6. Let n be d(4). Let s = 40 + n. Calculate the greatest common divisor of 6 and s.
2
Suppose -1777 = -5*y - s, 48*y - 43*y + 3*s - 1771 = 0. What is the greatest common factor of y and 2225?
89
Let v = 789 + 211. What is the highest common divisor of v and 625?
125
Let i(x) = -47*x + 115. Let v be i(-19). Let r be ((-80)/6)/4*v/(-30). What is the greatest common factor of r and 28?
28
Let t = 939 + -908. What is the greatest common divisor of 5363 and t?
31
Let l be (-27)/81*6*3/(-3). Suppose 6*k + v = 4*k + 1093, l*v = -k + 548. What is the highest common factor of 39 and k?
39
Let o be (-1)/(36/(-189) + 3/(-21)). Suppose -w + 2*r = -18, -14 + 57 = w + o*r. Let d = 450 + -198. What is the highest common divisor of d and w?
28
Suppose -19*j + p + 11555 = 0, 5*p = -5 - 10. What is the highest common divisor of j and 40?
8
Let i(b) = b**2 + 2. Let n be i(0). Suppose -20 = -n*g - 2*z, 0*g = -g - 5*z + 10. Suppose -2*d - 336 = -g*d. Calculate the highest common factor of d and 14.
14
Let h(k) = -k**2 + k + 17. Let s be h(6). Let z be (66/(-12))/(2/(-12)). Let j = s + z. Calculate the greatest common divisor of j and 30.
10
Let d be (24/32)/(9/24). Let q be 3 - 1 - 3 - 88/d. Let s be 2/6 - 165/q. Calculate the greatest common factor of s and 52.
4
Let f = 15 + -35. Let k(m) = -9*m + 29. Let t be